10354727
List the prime factors of 7843363.
11, 131, 5443
What are the prime factors of 5064821909?
7, 723545987
What are the prime factors of 263064197?
11, 109, 151, 1453
What are the prime factors of 23894943?
3, 7964981
What are the prime factors of 78006474?
2, 3, 7, 13, 47623
List the prime factors of 4953883.
11, 71, 6343
List the prime factors of 489191124.
2, 3, 40765927
What are the prime factors of 139083595?
5, 7, 937, 4241
List the prime factors of 123263543.
13, 29, 557, 587
List the prime factors of 1319790206.
2, 7, 17, 53, 14947
List the prime factors of 102160145.
5, 37, 552217
What are the prime factors of 1391770037?
7, 113, 1759507
List the prime factors of 981910956.
2, 3, 13, 17, 19, 1499
What are the prime factors of 15486266?
2, 7743133
What are the prime factors of 700488681?
3, 61, 167, 22921
List the prime factors of 14165670.
2, 3, 5, 472189
What are the prime factors of 172556390?
2, 5, 617, 27967
List the prime factors of 137153450.
2, 5, 7, 17, 37, 89
What are the prime factors of 109978428?
2, 3, 7, 79, 16573
List the prime factors of 637932145.
5, 9319, 13691
List the prime factors of 75428332.
2, 7, 31, 67, 1297
List the prime factors of 4137859462.
2, 11, 181, 431, 2411
List the prime factors of 2792353801.
23, 47, 157, 16453
What are the prime factors of 695433801?
3, 19, 12200593
What are the prime factors of 74458363?
7, 10636909
List the prime factors of 4672880487.
3, 11, 1123, 3821
List the prime factors of 3025459859.
17, 23, 89, 227, 383
What are the prime factors of 774752019?
3, 258250673
What are the prime factors of 153606223?
631, 243433
What are the prime factors of 500450083?
7, 277, 36871
List the prime factors of 294702154.
2, 53, 2780209
What are the prime factors of 119288659?
7, 17041237
What are the prime factors of 425535593?
7, 4643, 13093
List the prime factors of 34047985.
5, 6809597
What are the prime factors of 4693642176?
2, 3, 24446053
List the prime factors of 71362842.
2, 3, 569, 20903
What are the prime factors of 111387886?
2, 55693943
What are the prime factors of 2774355?
3, 5, 184957
List the prime factors of 1130953335.
3, 5, 79, 954391
List the prime factors of 910430157.
3, 7, 13, 569, 5861
What are the prime factors of 5224365025?
5, 11, 53, 358447
What are the prime factors of 137611306?
2, 7, 557, 2521
What are the prime factors of 106483612?
2, 131, 203213
What are the prime factors of 26836432?
2, 7, 239611
List the prime factors of 1352686833.
3, 23, 491, 13309
What are the prime factors of 15778058?
2, 37, 213217
What are the prime factors of 46148694?
2, 3, 37, 207877
What are the prime factors of 168988515?
3, 5, 11265901
List the prime factors of 143686713.
3, 47895571
List the prime factors of 7486699954.
2, 37, 101171621
What are the prime factors of 12607166?
2, 11, 13, 17, 2593
List the prime factors of 123199595.
5, 17, 631, 2297
List the prime factors of 91121181.
3, 30373727
What are the prime factors of 100352854?
2, 7, 1039, 6899
What are the prime factors of 193255008?
2, 3, 241, 8353
What are the prime factors of 31383649?
11, 17, 19, 73
What are the prime factors of 492811358?
2, 13, 18954283
What are the prime factors of 374022520?
2, 5, 2903, 3221
List the prime factors of 3578420.
2, 5, 178921
List the prime factors of 141735375.
3, 5, 17, 7411
List the prime factors of 1111646345.
5, 1601, 138869
What are the prime factors of 163466833?
2003, 81611
List the prime factors of 1635038786.
2, 373, 599, 3659
What are the prime factors of 296464155?
3, 5, 13, 1520329
What are the prime factors of 21976991?
659, 33349
List the prime factors of 145252201.
109, 1332589
List the prime factors of 29159261.
29159261
List the prime factors of 685400810.
2, 5, 68540081
List the prime factors of 2811289927.
41, 68568047
What are the prime factors of 57657047?
7, 17, 661, 733
List the prime factors of 1086290924.
2, 89, 281, 10859
List the prime factors of 256935904.
2, 61, 131627
List the prime factors of 615198587.
19, 4157, 7789
What are the prime factors of 1265658587?
89, 367, 38749
List the prime factors of 11802378.
2, 3, 7, 97, 2897
List the prime factors of 113814524.
2, 17, 41, 40823
List the prime factors of 389545170.
2, 3, 5, 7, 43, 179, 241
List the prime factors of 761435305.
5, 109, 229, 6101
List the prime factors of 3771454.
2, 157, 12011
What are the prime factors of 99893362?
2, 49946681
List the prime factors of 2825651535.
3, 5, 7, 26910967
What are the prime factors of 198383129?
7, 2003, 14149
List the prime factors of 757825461.
3, 181, 465209
List the prime factors of 740272495.
5, 557, 265807
List the prime factors of 1068702878.
2, 534351439
What are the prime factors of 1352559?
3, 13, 79, 439
What are the prime factors of 910239141?
3, 7, 601, 10303
List the prime factors of 698173697.
13, 17, 3159157
List the prime factors of 15282749.
15282749
What are the prime factors of 124770455?
5, 283, 88177
What are the prime factors of 7433607668?
2, 4583, 405499
What are the prime factors of 722721833?
17, 53, 802133
What are the prime factors of 23941660?
2, 5, 419, 2857
List the prime factors of 2317014226.
2, 79, 379, 38693
What are the prime factors of 1998283395?
3, 5, 133218893
What are the prime factors of 221808614?
2, 479, 231533
List the prime factors of 39412934.
2, 11, 1791497
List the prime factors of 204728974.
2, 79, 167, 7759
What are the prime factors of 283734245?
5, 59, 961811
What are the prime factors of 459870218?
2, 79, 1549, 1879
What are the prime factors of 155186851?
19, 8167729
List the prime factors of 200749170.
2, 3, 5, 61, 163, 673
List the prime factors of 1472895702.
2, 3, 81827539
List the prime factors of 992527924.
2, 23, 521, 20707
What are the prime factors of 31902685?
5, 199, 32063
List the prime factors of 3411322644.
2, 3, 173, 1643219
List the prime factors of 659189662.
2, 29, 1223, 9293
List the prime factors of 880959458.
2, 10243, 43003
What are the prime factors of 107748474?
2, 3, 17958079
List the prime factors of 55250010.
2, 3, 5, 613889
List the prime factors of 1189803170.
2, 5, 61, 197, 9901
List the prime factors of 32490222.
2, 3, 5415037
List the prime factors of 2132834621.
1811, 1177711
What are the prime factors of 6873585?
3, 5, 458239
List the prime factors of 512074879.
512074879
What are the prime factors of 66699967?
167, 399401
List the prime factors of 112630562.
2, 11, 5119571
What are the prime factors of 1224313412?
2, 7, 17, 19, 83, 233
List the prime factors of 100657369.
100657369
List the prime factors of 89026933.
89026933
What are the prime factors of 4408972844?
2, 1487, 741253
What are the prime factors of 3726023826?
2, 3, 7, 88714853
List the prime factors of 2832995888.
2, 2539, 69737
List the prime factors of 58576785.
3, 5, 3905119
What are the prime factors of 317516289?
3, 367, 288389
What are the prime factors of 5735036414?
2, 331, 2083, 4159
List the prime factors of 471482163.
3, 191, 274277
List the prime factors of 3625291866.
2, 3, 7, 1913, 45121
What are the prime factors of 948615?
3, 5, 63241
List the prime factors of 150978776.
2, 13, 1451719
List the prime factors of 497015997.
3, 165671999
List the prime factors of 64675952.
2, 11, 3037
What are the prime factors of 926542750?
2, 5, 7, 29, 18257
List the prime factors of 3046068864.
2, 3, 2644157
List the prime factors of 2915149.
2915149
List the prime factors of 529103732.
2, 2671, 49523
List the prime factors of 472938397.
23, 20562539
What are the prime factors of 808986095?
5, 161797219
What are the prime factors of 5356974139?
11, 486997649
List the prime factors of 206983818.
2, 3, 277, 41513
What are the prime factors of 1301499?
3, 144611
List the prime factors of 46185173.
23, 2008051
What are the prime factors of 106001856?
2, 3, 184031
What are the prime factors of 3580282653?
3, 10321, 115631
What are the prime factors of 887297090?
2, 5, 88729709
What are the prime factors of 4333447685?
5, 7, 31, 137, 29153
What are the prime factors of 44769773?
44769773
What are the prime factors of 27331464?
2, 3, 53, 21487
What are the prime factors of 247876418?
2, 123938209
List the prime factors of 967930362.
2, 3, 7, 71, 257, 421
List the prime factors of 909099048.
2, 3, 11, 1